{"id":13,"date":"2025-06-11T19:47:35","date_gmt":"2025-06-11T19:47:35","guid":{"rendered":"https:\/\/gracic.org\/?page_id=13"},"modified":"2026-05-13T13:16:38","modified_gmt":"2026-05-13T13:16:38","slug":"front_page","status":"publish","type":"page","link":"https:\/\/gracic.org\/","title":{"rendered":""},"content":{"rendered":"\t\t<div data-elementor-type=\"wp-page\" data-elementor-id=\"13\" class=\"elementor elementor-13\">\n\t\t\t\t<div class=\"elementor-element elementor-element-7a9d748f e-con-full e-flex e-con e-parent\" data-id=\"7a9d748f\" data-element_type=\"container\" data-settings=\"{&quot;background_background&quot;:&quot;classic&quot;}\">\n\t\t<div class=\"elementor-element elementor-element-7e8f7f54 e-con-full e-flex e-con e-child\" data-id=\"7e8f7f54\" data-element_type=\"container\">\n\t\t\t\t<div class=\"elementor-element elementor-element-32319a85 elementor-invisible elementor-widget elementor-widget-heading\" data-id=\"32319a85\" data-element_type=\"widget\" data-settings=\"{&quot;_animation&quot;:&quot;fadeInDown&quot;}\" data-widget_type=\"heading.default\">\n\t\t\t\t<div class=\"elementor-widget-container\">\n\t\t\t\t\t<h1 class=\"elementor-heading-title elementor-size-default\">Graci\u0107 <br>Foundation e.V.<\/h1>\t\t\t\t<\/div>\n\t\t\t\t<\/div>\n\t\t\t\t<div class=\"elementor-element elementor-element-26522fca elementor-widget elementor-widget-text-editor\" data-id=\"26522fca\" data-element_type=\"widget\" data-widget_type=\"text-editor.default\">\n\t\t\t\t<div class=\"elementor-widget-container\">\n\t\t\t\t\t\t\t\t\t<p>Die Graci\u0107 Foundation e.V. entstand aus einem pers\u00f6nlichen Bed\u00fcrfnis, die seltene und wenig bekannte HNRNPH2-Mutation besser zu verstehen und zu bek\u00e4mpfen.<\/p>\t\t\t\t\t\t\t\t<\/div>\n\t\t\t\t<\/div>\n\t\t\t\t<div class=\"elementor-element elementor-element-4beb2500 elementor-mobile-align-center elementor-widget elementor-widget-button\" data-id=\"4beb2500\" data-element_type=\"widget\" data-widget_type=\"button.default\">\n\t\t\t\t<div class=\"elementor-widget-container\">\n\t\t\t\t\t\t\t\t\t<div class=\"elementor-button-wrapper\">\n\t\t\t\t\t<a class=\"elementor-button elementor-button-link elementor-size-sm\" href=\"https:\/\/gracic.org\/?page_id=261\">\n\t\t\t\t\t\t<span class=\"elementor-button-content-wrapper\">\n\t\t\t\t\t\t\t\t\t<span class=\"elementor-button-text\">Spenden<\/span>\n\t\t\t\t\t<\/span>\n\t\t\t\t\t<\/a>\n\t\t\t\t<\/div>\n\t\t\t\t\t\t\t\t<\/div>\n\t\t\t\t<\/div>\n\t\t\t\t<\/div>\n\t\t<div class=\"elementor-element elementor-element-12d76357 e-con-full e-flex e-con e-child\" data-id=\"12d76357\" data-element_type=\"container\">\n\t\t\t\t<div class=\"elementor-element elementor-element-5cdbebe7 elementor-widget elementor-widget-image\" data-id=\"5cdbebe7\" data-element_type=\"widget\" data-widget_type=\"image.default\">\n\t\t\t\t<div class=\"elementor-widget-container\">\n\t\t\t\t\t\t\t\t\t\t\t\t\t\t\t<img fetchpriority=\"high\" decoding=\"async\" width=\"850\" height=\"1112\" src=\"https:\/\/gracic.org\/wp-content\/uploads\/2026\/05\/gracic-slika1.png\" class=\"attachment-1536x1536 size-1536x1536 wp-image-471\" alt=\"\" srcset=\"https:\/\/gracic.org\/wp-content\/uploads\/2026\/05\/gracic-slika1.png 850w, https:\/\/gracic.org\/wp-content\/uploads\/2026\/05\/gracic-slika1-229x300.png 229w, https:\/\/gracic.org\/wp-content\/uploads\/2026\/05\/gracic-slika1-783x1024.png 783w, https:\/\/gracic.org\/wp-content\/uploads\/2026\/05\/gracic-slika1-768x1005.png 768w\" sizes=\"(max-width: 850px) 100vw, 850px\" \/>\t\t\t\t\t\t\t\t\t\t\t\t\t\t\t<\/div>\n\t\t\t\t<\/div>\n\t\t\t\t<\/div>\n\t\t\t\t<\/div>\n\t\t<div class=\"elementor-element elementor-element-6afb90c e-con-full e-flex e-con e-parent\" data-id=\"6afb90c\" data-element_type=\"container\">\n\t\t\t\t<div class=\"elementor-element elementor-element-43cb958c elementor-invisible elementor-widget elementor-widget-heading\" data-id=\"43cb958c\" data-element_type=\"widget\" data-settings=\"{&quot;_animation&quot;:&quot;fadeInDown&quot;}\" data-widget_type=\"heading.default\">\n\t\t\t\t<div class=\"elementor-widget-container\">\n\t\t\t\t\t<h3 class=\"elementor-heading-title elementor-size-default\">Gemeinsam gestalten wir eine Zukunft voller Hoffnung f\u00fcr alle Betroffenen.<\/h3>\t\t\t\t<\/div>\n\t\t\t\t<\/div>\n\t\t\t\t<div class=\"elementor-element elementor-element-2f7d968a elementor-align-center elementor-mobile-align-center elementor-widget elementor-widget-button\" data-id=\"2f7d968a\" data-element_type=\"widget\" data-widget_type=\"button.default\">\n\t\t\t\t<div class=\"elementor-widget-container\">\n\t\t\t\t\t\t\t\t\t<div class=\"elementor-button-wrapper\">\n\t\t\t\t\t<a class=\"elementor-button elementor-button-link elementor-size-sm\" href=\"https:\/\/gracic.org\/?page_id=80\">\n\t\t\t\t\t\t<span class=\"elementor-button-content-wrapper\">\n\t\t\t\t\t\t\t\t\t<span class=\"elementor-button-text\">Mehr erfahren<\/span>\n\t\t\t\t\t<\/span>\n\t\t\t\t\t<\/a>\n\t\t\t\t<\/div>\n\t\t\t\t\t\t\t\t<\/div>\n\t\t\t\t<\/div>\n\t\t\t\t<\/div>\n\t\t<footer class=\"elementor-element elementor-element-43977490 e-con-full e-flex e-con e-parent\" data-id=\"43977490\" data-element_type=\"container\">\n\t\t<div class=\"elementor-element elementor-element-5075e266 e-con-full e-flex e-con e-child\" data-id=\"5075e266\" data-element_type=\"container\">\n\t\t\t\t<\/div>\n\t\t<div class=\"elementor-element elementor-element-53985cfb e-con-full e-flex e-con e-child\" data-id=\"53985cfb\" data-element_type=\"container\">\n\t\t\t\t<div class=\"elementor-element elementor-element-41183f48 elementor-icon-list--layout-inline elementor-tablet-align-center elementor-align-center elementor-list-item-link-full_width elementor-widget elementor-widget-icon-list\" data-id=\"41183f48\" data-element_type=\"widget\" data-widget_type=\"icon-list.default\">\n\t\t\t\t<div class=\"elementor-widget-container\">\n\t\t\t\t\t\t\t<ul class=\"elementor-icon-list-items elementor-inline-items\">\n\t\t\t\t\t\t\t<li class=\"elementor-icon-list-item elementor-inline-item\">\n\t\t\t\t\t\t\t\t\t\t<span class=\"elementor-icon-list-text\">+49 5541 755 0751<\/span>\n\t\t\t\t\t\t\t\t\t<\/li>\n\t\t\t\t\t\t\t\t<li class=\"elementor-icon-list-item elementor-inline-item\">\n\t\t\t\t\t\t\t\t\t\t<span class=\"elementor-icon-list-text\">34346 Hann. M\u00fcnden<\/span>\n\t\t\t\t\t\t\t\t\t<\/li>\n\t\t\t\t\t\t\t\t<li class=\"elementor-icon-list-item elementor-inline-item\">\n\t\t\t\t\t\t\t\t\t\t<span class=\"elementor-icon-list-text\"><\/span>\n\t\t\t\t\t\t\t\t\t<\/li>\n\t\t\t\t\t\t<\/ul>\n\t\t\t\t\t\t<\/div>\n\t\t\t\t<\/div>\n\t\t\t\t<\/div>\n\t\t<div class=\"elementor-element elementor-element-4309851f e-con-full e-flex e-con e-child\" data-id=\"4309851f\" data-element_type=\"container\">\n\t\t\t\t<\/div>\n\t\t\t\t<\/footer>\n\t\t<div class=\"elementor-element elementor-element-704b6057 e-con-full e-flex e-con e-parent\" data-id=\"704b6057\" data-element_type=\"container\" data-settings=\"{&quot;background_background&quot;:&quot;classic&quot;}\">\n\t\t\t\t<div class=\"elementor-element elementor-element-3c17f45a elementor-widget elementor-widget-heading\" data-id=\"3c17f45a\" data-element_type=\"widget\" data-widget_type=\"heading.default\">\n\t\t\t\t<div class=\"elementor-widget-container\">\n\t\t\t\t\t<p class=\"elementor-heading-title elementor-size-default\">\u00a9 Alle Rechte vorbehalten<\/p>\t\t\t\t<\/div>\n\t\t\t\t<\/div>\n\t\t\t\t<\/div>\n\t\t<div class=\"elementor-element elementor-element-be7ecb4 e-flex e-con-boxed e-con e-parent\" data-id=\"be7ecb4\" data-element_type=\"container\">\n\t\t\t\t\t<div class=\"e-con-inner\">\n\t\t\t\t<div class=\"elementor-element elementor-element-5a80848 elementor-view-default elementor-widget elementor-widget-icon\" data-id=\"5a80848\" data-element_type=\"widget\" data-widget_type=\"icon.default\">\n\t\t\t\t<div class=\"elementor-widget-container\">\n\t\t\t\t\t\t\t<div class=\"elementor-icon-wrapper\">\n\t\t\t<a class=\"elementor-icon\" href=\"https:\/\/www.facebook.com\/profile.php?id=61555489700008\">\n\t\t\t<svg aria-hidden=\"true\" class=\"e-font-icon-svg e-fab-facebook\" viewBox=\"0 0 512 512\" xmlns=\"http:\/\/www.w3.org\/2000\/svg\"><path d=\"M504 256C504 119 393 8 256 8S8 119 8 256c0 123.78 90.69 226.38 209.25 245V327.69h-63V256h63v-54.64c0-62.15 37-96.48 93.67-96.48 27.14 0 55.52 4.84 55.52 4.84v61h-31.28c-30.8 0-40.41 19.12-40.41 38.73V256h68.78l-11 71.69h-57.78V501C413.31 482.38 504 379.78 504 256z\"><\/path><\/svg>\t\t\t<\/a>\n\t\t<\/div>\n\t\t\t\t\t\t<\/div>\n\t\t\t\t<\/div>\n\t\t\t\t\t<\/div>\n\t\t\t\t<\/div>\n\t\t\t\t<\/div>\n\t\t","protected":false},"excerpt":{"rendered":"<p>Graci\u0107 Foundation e.V. Die Graci\u0107 Foundation e.V. entstand aus einem pers\u00f6nlichen Bed\u00fcrfnis, die seltene und wenig bekannte HNRNPH2-Mutation besser zu verstehen und zu bek\u00e4mpfen. Spenden Gemeinsam gestalten wir eine Zukunft voller Hoffnung f\u00fcr alle Betroffenen. Mehr erfahren +49 5541 755 0751 34346 Hann. M\u00fcnden \u00a9 Alle Rechte vorbehalten<\/p>\n","protected":false},"author":1,"featured_media":0,"parent":0,"menu_order":0,"comment_status":"closed","ping_status":"closed","template":"","meta":{"footnotes":""},"class_list":["post-13","page","type-page","status-publish","hentry"],"_links":{"self":[{"href":"https:\/\/gracic.org\/index.php?rest_route=\/wp\/v2\/pages\/13","targetHints":{"allow":["GET"]}}],"collection":[{"href":"https:\/\/gracic.org\/index.php?rest_route=\/wp\/v2\/pages"}],"about":[{"href":"https:\/\/gracic.org\/index.php?rest_route=\/wp\/v2\/types\/page"}],"author":[{"embeddable":true,"href":"https:\/\/gracic.org\/index.php?rest_route=\/wp\/v2\/users\/1"}],"replies":[{"embeddable":true,"href":"https:\/\/gracic.org\/index.php?rest_route=%2Fwp%2Fv2%2Fcomments&post=13"}],"version-history":[{"count":91,"href":"https:\/\/gracic.org\/index.php?rest_route=\/wp\/v2\/pages\/13\/revisions"}],"predecessor-version":[{"id":481,"href":"https:\/\/gracic.org\/index.php?rest_route=\/wp\/v2\/pages\/13\/revisions\/481"}],"wp:attachment":[{"href":"https:\/\/gracic.org\/index.php?rest_route=%2Fwp%2Fv2%2Fmedia&parent=13"}],"curies":[{"name":"wp","href":"https:\/\/api.w.org\/{rel}","templated":true}]}}